 a factor of q?
False
Suppose 2*x - 10 = -7*b + 2*b, 0 = -3*x - b + 15. Is 3 a factor of x?
False
Let k = 5 - 0. Let g = 0 - -2. Suppose w - 84 = -4*y - w, k*y - g*w = 96. Does 15 divide y?
False
Let o = -27 - -102. Does 26 divide o?
False
Let w(i) = -i + 7. Let k(l) = -l + 6. Let o(u) = -7*k(u) + 6*w(u). Is o(5) a multiple of 4?
False
Does 21 divide (39/(-2) + 2)*-6?
True
Suppose -5*b = -4*d - 34, 5*d = b - 8 - 24. Let x be (-1288)/d + (-2)/(-6). Suppose 4*f + 2*h - 160 = 0, 5*f - 2*h - x = 3*h. Is 22 a factor of f?
False
Suppose 0 = -q + 5*q - 5*x + 4, 4*x = -4*q + 32. Let y = q - -5. Is 9 a factor of y?
True
Let t(r) = -r**3 - 10*r**2 + 2. Let p be t(-10). Suppose 0 = -p*f - 4, 2*i - 29 = -2*f + 51. Is 14 a factor of i?
True
Let q(k) = -5*k - 4*k - 5 + 25*k**2 - 27*k**2. Let x be q(-6). Let y = x - -49. Is 13 a factor of y?
True
Let c = 65 - 38. Is c a multiple of 18?
False
Suppose 4*m - 3*m = 11. Let i = m - -2. Is 5 a factor of i?
False
Let w(p) = 18*p + 0 - 3 + 0. Is 11 a factor of w(2)?
True
Suppose -s = -14 - 4. Let l(w) = -w**3 + 4*w**2 + 4*w - 4. Let o be l(4). Let c = s - o. Is 2 a factor of c?
True
Suppose -5*u + 6 = -9. Suppose a = -u*d + 9 + 4, -5*a = 5*d - 25. Suppose 2*q = -q - d*j + 93, 134 = 4*q + 2*j. Does 12 divide q?
False
Suppose 8 = -3*f + 68. Suppose -y = -10 - f. Let n = y + -12. Does 12 divide n?
False
Suppose -4 = x - 88. Is x a multiple of 21?
True
Let r(g) = -g**2 - 14*g - 1. Let m be r(-14). Let z = 23 - m. Is 12 a factor of z?
True
Suppose 2*c = 22 + 276. Let h = -95 + c. Suppose 14 - h = -5*v. Does 4 divide v?
True
Suppose 2*k = -2, -5*u - 786 = -k - 2427. Is u a multiple of 41?
True
Suppose -v - 4*v = 40. Let h(g) = -3*g - 2. Does 22 divide h(v)?
True
Let h(o) = 7*o**2 + 5*o + 8. Is h(-4) a multiple of 29?
False
Suppose 3*c - 5 = 16. Let n = 6 + c. Is n a multiple of 9?
False
Suppose -5*k + 48 + 2 = 0. Let i = 6 - 4. Suppose -10 - k = -i*c. Is c a multiple of 10?
True
Suppose -8 = -4*d + n, n + 8 = 3*n. Let i = -4 + 9. Suppose -i*o + 32 = -d*o. Does 6 divide o?
False
Let w be -2 - (1 + -1)/(-2). Let q be (53/(-3))/(w/(-12)). Is 19 a factor of q/8*1*-4?
False
Suppose 0 = -2*u - 339 + 51. Does 10 divide u/(-14) + (-12)/42?
True
Suppose -5*i = -2*a + 53, 0*i + 19 = a - 4*i. Let n(p) = p**3 - 6*p**2 + 8*p - 5. Let q be n(5). Suppose a = j + q. Is j a multiple of 14?
False
Let x = 150 + 3. Is 24 a factor of x?
False
Is (-21)/28 - ((-246)/8 + 2) a multiple of 7?
True
Let c = -7 + 6. Is (2 + -3)*(-11 - c) a multiple of 5?
True
Let f(l) = l**2 + 4*l + 2. Let p be f(-6). Let b = 38 - p. Is 12 a factor of b?
True
Is -1 + -2 - 5*-15 a multiple of 15?
False
Let z = 204 - 114. Is z a multiple of 18?
True
Let n be (-15)/6*2*-1. Let t = n + 15. Does 13 divide (3/(-2))/((-1)/t)?
False
Let r = 11 + 9. Suppose -d = -4*h + 52, -2*h + 5*d + r = 3*d. Is h a multiple of 7?
True
Let a(c) = 2*c**2 + 3*c + 6. Is a(-4) a multiple of 11?
False
Let c(f) = -f**3 + 6*f**2 + 8*f - 4. Let b(r) = -3*r - 2. Let x be b(-3). Does 2 divide c(x)?
False
Is 5 a factor of (9 - 0) + -6 + 2?
True
Let i(k) = -9*k + 7. Let v(h) = -8*h + 6. Let l(n) = 4*i(n) - 5*v(n). Is 7 a factor of l(6)?
False
Let p(y) = -y**3 - 17*y**2 - 5*y - 25. Is p(-17) a multiple of 6?
True
Suppose -2*x = 15 - 73. Suppose -5*u - 4*k = -x, -2*k = -4*k - 8. Is u a multiple of 9?
True
Let r(b) = b**2 + 6*b - 2. Let o be r(-5). Let l(q) = -8*q + 2. Is 20 a factor of l(o)?
False
Let f = 1 + -1. Suppose -2*q + 10 = b, -1 = b - 5. Suppose f = q*x - x - 108. Is x a multiple of 16?
False
Let g(b) = 12*b - 8. Does 12 divide g(5)?
False
Let o = 3 - 1. Let a(c) = 6*c**2 - 2. Let y be a(o). Suppose 2*p = 4*k - y, p = -3*k + 3*p + 16. Is 6 a factor of k?
True
Let i(z) = z**2 + 3*z + 21. Is 10 a factor of i(-10)?
False
Let w(n) = 5*n + 1. Let h = 5 - 4. Is w(h) a multiple of 6?
True
Let s(z) = z**3 + 3*z**2 + 5*z - 2. Let m = -10 - -7. Let u(w) = 2*w**3 + 2*w**2 + 5*w - 3. Let t(k) = m*s(k) + 2*u(k). Is 4 a factor of t(6)?
False
Let z(d) = 19*d**2 - 3*d - 3. Is 10 a factor of z(-2)?
False
Suppose -2*g + 1 = -65. Let j = g + -19. Does 14 divide j?
True
Let c = 1 + 0. Suppose -2 = h - 0. Does 14 divide h/(-2) + 26 + c?
True
Suppose -1890 = -13*y + 73. Is 32 a factor of y?
False
Let o(u) = 4*u - 12. Let n(w) = w**3 + 3*w**2 - 3*w. Suppose -5*l + 2*k - 13 = 0, -k + 5 = -l - 3*k. Let t be n(l). Does 12 divide o(t)?
True
Let k(d) = -2*d + 5. Let a(b) = -b + 1. Let q(w) = -3*a(w) + k(w). Let h be q(0). Suppose -h*f + 32 = 4*t, -5*f + 2*t - 4*t + 56 = 0. Is f a multiple of 5?
True
Suppose 0 = -3*d + 4*d. Suppose d = -4*o + 42 + 38. Does 10 divide o?
True
Let d(a) be the third derivative of -a**6/120 - 7*a**5/60 + a**4/12 + 3*a**3/2 - 3*a**2. Let i be d(-7). Let p(f) = f**3 + 5*f**2 - 3*f - 7. Does 8 divide p(i)?
True
Suppose 24*y = 23*y - 51. Let b = 78 + y. Is 8 a factor of b?
False
Suppose 4*m - m = 4*d - 108, -2*d + 54 = -4*m. Is 19 a factor of d?
False
Let l = -368 + 552. Is 23 a factor of l?
True
Let g(n) = -n + 4. Let w be g(7). Is (-9)/(-6)*(-40)/w a multiple of 20?
True
Let g = -6 - -4. Let r = 72 - g. Suppose d - r = -d. Does 15 divide d?
False
Let k be (-6)/(-9) + (-188)/12. Let g = k - -33. Is 7 a factor of g?
False
Is 9 a factor of (-30)/(-5) + 1 - -2?
True
Is -8*6/(-12) + 90 a multiple of 12?
False
Suppose -2*c - 4*f = 0, 2*c - 2*f - 3*f = 0. Let j(r) = 1. Let h(b) = -b + 1. Let k(s) = h(s) + 2*j(s). Is k(c) a multiple of 3?
True
Let l = 69 + -58. Let k be (-2)/(1 - (1 + -1)). Let b = k + l. Is b a multiple of 3?
True
Let q = 27 + -10. Does 17 divide q?
True
Let g(i) = -2*i - 1. Let q be g(2). Let p(j) = -2*j - 2. Does 3 divide p(q)?
False
Let i be 5*-1*(2 + -3). Suppose 0 = -i*f - 5*b, 12 = -f - 4*b - 3. Does 5 divide f?
True
Let p be (-8)/(-3)*(-2 - -14). Suppose -4*s + p = -28. Does 15 divide s?
True
Let x = 57 + -38. Is x a multiple of 19?
True
Let v be 2 + (-1 - (-3)/(-3)). Suppose v*i = 4*i. Suppose i*a = n - 2*a - 6, -17 = -4*n + a. Does 3 divide n?
False
Let m(x) = -x**3 - 5*x**2 - 4*x - 2. Let i(t) = 2*t + 4. Let l be i(-4). Let y be m(l). Does 9 divide (y/(-4))/((-3)/(-108))?
True
Let r = 107 - -1. Suppose 0 = 4*u - 2*q + r, 3*u - 2*q - 8 = -90. Let b = u - -36. Does 5 divide b?
True
Is 45 - (-2 + 3 - (0 - 2)) a multiple of 12?
False
Suppose 3 = 2*c - v - 102, 0 = -c - 5*v + 47. Is c a multiple of 13?
True
Suppose -179 = -3*n + 292. Suppose -d - d = -6. Suppose 112 = 3*j - 2*i, -d*i + n = 4*j + 2*i. Is 19 a factor of j?
True
Let i = -19 - -53. Does 17 divide i?
True
Suppose 3*t = 4*y - y + 33, 2*t - 37 = 5*y. Let o = -1 - t. Let w(r) = -4*r - 2. Is 13 a factor of w(o)?
True
Is (-5 - -9)*1/2 even?
True
Let n = 46 + 26. Let c be (4/2 - 4) + (128 - 0). Let g = c - n. Is g a multiple of 27?
True
Suppose -4*p = -3 - 53. Suppose -j + 16 = -p. Is j a multiple of 10?
True
Let f be (-4)/(-6)*(-1 + -2). Let p(y) = 3*y**2 + 3*y - 3. Let h(n) = -n + 1. Let d(x) = 4*h(x) + p(x). Is d(f) a multiple of 5?
True
Let v(x) = 3 - 5*x - 3*x**2 + 2*x**2 - x. Let q be v(-6). Let j = 19 - q. Does 16 divide j?
True
Let c(u) be the first derivative of -u**4/4 - 7*u**3/3 - u**2 + 2*u - 3. Does 8 divide c(-7)?
True
Suppose 6 + 2 = 4*k. Suppose -6 = -k*h + 8. Does 3 divide h?
False
Does 30 divide ((-60)/(-18))/((-2)/(-36))?
True
Let z = -226 + 386. Is z a multiple of 32?
True
Let k be 4/(-14) + (-2)/(-7). Suppose -3*t + 227 = 4*j - k*t, -t + 217 = 4*j. Let i = 76 - j. Does 15 divide i?
False
Suppose -4*l = 5*z - 120, -4*z + 50 = -l - 25. Is z a multiple of 4?
True
Suppose -3*f - 17 = 1. Let u be ((-8)/3)/((-2)/f). Is 24/(-16)*u/3 a multiple of 4?
True
Let n be 75 + (1 - (2 - 0)). Suppose 0 = -b - b + n. Is 12 a factor of b?
False
Is (-2838)/(-36) - 1/(-6) a multiple of 16?
False
Let a be 4/(-14) - (-308)/49. Does 14 divide 4/a*(-1290)/(-20)?
False
Let s(f) = 21*f. Let r(y) = -y**2 - 9*y + 13. Let h be r(-10). Is 27 a factor of s(h)?
False
Let l be 3 + 0 + 0/4. Suppose -l*h + 15 = -69. Is 7 a factor of h?
True
Suppose -6*r - 116 = -10*r. Is 2 a factor of r?
False
Let x(b) = b**3 - b**2 - 3. Let t be x(3). Suppose 4*g + 1 = -c, 7*g = c + 3*g - t. Is 4 a factor of c?
False
Suppose 2*d = 5*b + 49, 4*b - 163 = -5*d + 3*b. Suppose 3*m - 143 = -d. Is 12 a factor of m?
False
Let n(j) = -5*j**3 - 5*j**2 - 6*j - 3